(-2 - (2 + -6 + 3))
-3
What is the value of 1 + -2 + (-3 - -2) + 7?
5
7 + 6 + (-2 - 4) + 2
9
-3 + 4 + -3 - (5 - 3)
-4
What is the value of 4 + (-7 - -4) + (0 - -1)?
2
Calculate (2 - (-2 - 1)) + -3 + 4.
6
Calculate 2 + 0 - (3 + (2 - 2)).
-1
Evaluate (-10 - 0 - -6) + 0 + -1.
-5
Calculate (1 + -5 - 2) + 3.
-3
Evaluate 10 - (2 - (-8 - 1)).
-1
What is the value of -2 + 7 + 0 - -1?
6
3 + -3 - 2 - (6 + -8)
0
What is 0 + -5 + 6 - (-1 - -5)?
-3
What is 4 + -11 + 8 + 1 + -3?
-1
-4 - 5 - (33 - 44)
2
Calculate -2 + (7 - 3) - 1.
1
What is 3 + -7 + (-1 - (1 + -4))?
-2
What is 5 + 1 + 38 + -49 - -2?
-3
What is -2 - -2 - 3 - (2 - 0)?
-5
Evaluate 0 + -2 + 8 + -4.
2
What is the value of -9 - (-6 + 4 - 6)?
-1
Evaluate 6 + (0 + 4 - (34 + -27)).
3
Evaluate -6 - -3 - (4 - 6).
-1
Evaluate -8 + 1 + -7 + 14.
0
Calculate 6 + (10 + -4 - 9) + -11.
-8
Evaluate 1 + -4 + 37 + -35.
-1
What is the value of (-3 - 0 - -11) + 0 + -5?
3
What is 4 + -9 + 1 - 3?
-7
What is -4 - (0 + 1 - 4 - -4)?
-5
6 + -6 + -3 - 2
-5
Calculate 0 + -3 + (2 + 2 - 3).
-2
What is the value of -6 - (1 - 14) - -3 - 5?
5
What is -7 + 6 + -6 - (-3 - -1)?
-5
-2 + 5 + (5 - 4) + -5
-1
What is the value of -4 + -1 + (-1 + -2 - -4)?
-4
What is 0 - 7 - (-48 + 45) - -9?
5
Calculate 1 + (0 - -1) + (-12 - -14).
4
Calculate (5 - 11 - -3) + 9.
6
What is the value of -1 + 0 - 6 - (11 + -29)?
11
Calculate -2 + 2 + -4 - (1 + -4).
-1
Calculate (0 - -5) + -8 + 12 + -5.
4
What is -2 + 3 + (-9 - -4) - -1?
-3
Evaluate 4 - ((3 - 1) + 2).
0
(-8 - -8) + 3 + 1
4
What is the value of -1 - (-5 + (5 - 1))?
0
Calculate (-4 - -1) + (-7 - (-12 + 7)).
-5
Evaluate (3 - 2) + (0 - 0) - 2.
-1
Evaluate (1 - (-1 + -4) - 4) + -1.
1
Calculate (9 - 3) + (6 - 10).
2
Evaluate (7 - 22) + 4 + 13.
2
Evaluate 1 + (5 - 2) + 1.
5
Calculate -14 + 7 - (0 + -8).
1
What is -7 + 5 + -3 + 1?
-4
Calculate -3 + (-3 - -4) + 3 + 2.
3
What is the value of 2 - 13 - (-1 - 15)?
5
Calculate -3 - (-10 + 22 - 12).
-3
Evaluate -22 + 8 + 9 - (1 - 2).
-4
Evaluate -7 + 2 + -8 + 18.
5
Evaluate (10 - 4) + -2 + -1.
3
Evaluate 0 + -4 + (-3 - -8) - -4.
5
Calculate (-3 - -1) + 7 + (0 - -1).
6
6 + (1 - 0) - (13 - 11)
5
Calculate 3 - 6 - -3 - (-12 - -10).
2
Calculate 23 - 19 - (5 - 0 - -1).
-2
3 - (16 + 11 + -18)
-6
What is the value of (-5 - (1 - 1)) + (5 - 3)?
-3
What is the value of (3 - (6 + -4)) + -3?
-2
Evaluate (24 - (9 + 1)) + -7.
7
(3 - 9) + -2 - -7
-1
(8 - 8 - -3) + 3
6
Calculate (-5 - (-10 + -3)) + -4 + 0.
4
What is -2 + (-3 + -2 - -3)?
-4
2 - (-3 + (3 + 0 - -1))
1
2 - (-1 - -7) - -4
0
What is the value of 1 + 0 + -1 - -1 - -1?
2
Calculate -16 + 23 - (-5 + 9).
3
Evaluate 4 - 1 - (25 + -20).
-2
Calculate -2 - (-4 - (-6 + 2)).
-2
0 - (2 + -1) - (61 - 64)
2
What is 4 + 7 + -9 - (0 + 1)?
1
What is the value of 2 - (4 - (-2 - 0))?
-4
Evaluate (4 - 0) + (4 - (-10 - -8)).
10
What is (-4 - 3) + 5 + 0 + 6?
4
What is 1 + 0 + 1 - (-1 + 2)?
1
Calculate -5 + -5 + 6 + -2.
-6
What is the value of -4 + (-4 - (-15 - -4)) - 1?
2
1 + 0 + -2 - 2 - -2
-1
-1 + 0 + 4 - (66 - 64)
1
What is 6 + -4 + 0 - 2?
0
What is the value of 5 - (-6 + 30 + -10)?
-9
What is -5 - (-15 - (2 + (-3 - 3)))?
6
What is the value of 7 + 1 - 6 - (-3 + 14)?
-9
Evaluate -5 + 6 + (-3 + 4 - 3).
-1
Calculate 4 + (3 - (3 + -3)) - 4.
3
Calculate -5 + (-6 - -11 - 3).
-3
Calculate (-5 - (-6 - 0)) + 0 + 2.
3
What is (1 - (3 + -1)) + -27 + 26?
-2
0 - 1 - (4 - (-3 - -4))
-4
What is 18 + -40 - -21 - (6 - 1)?
-6
Calculate -5 + 5 + (-4 - 1).
-5
Evaluate (-3 - -1) + (-39 - -44).
3
What is -3 - (-4 + (3 - 3) + -1)?
2
Calculate -3 - (15 + -13) - -15.
10
Evaluate -1 + -3 - -7 - (-2 + 3).
2
What is 4 + (0 - (3 - 0))?
1
What is the value of -2 + 14 + -43 + 36?
5
3 + -1 + (-1 - -4)
5
Evaluate 2 + 11 + -11 + -4 + -1.
-3
Calculate 2 - -1 - 4 - -1.
0
Calculate 16 + -9 + 9 + -6.
10
What is the value of (0 - -2) + -8 + 8?
2
What is the value of 3 - 0 - (11 + -4)?
-4
1 - 14 - -6 - -8
1
What is the value of 0 - (-8 + 4 - -2)?
2
What is 0 - (0 + (3 - 2))?
-1
Calculate (-1 - 3) + -1 - (-14 - -15).
-6
Calculate 14 + -20 + (2 - (1 + -2)).
-3
Calculate (-5 + 12 - -3) + -5.
5
Calculate 6 - (-3 - 0 - -7).
2
-10 + (5 - -10) - (6 - 1)
0
Calculate (-22 - -10) + (7 - -3).
-2
What is -10 - -1 - (2 - (5 + 1))?
-5
Calculate 1 + -2 + (1 - 0).
0
Calculate -3 + -2 + 3 - (-2 - -1).
-1
Evaluate -1 + -4 + 11 - 3.
3
Calculate 4 + -6 + (4 - 9) + 5.
-2
Calculate 4 + -8 + -3 + 10.
3
What is the value of 17 + (8 - 11) + -9?
5
Calculate 6 + 36 + -40 + -10 + 1.
-7
1 + (13 + 0 - 10)
4
What is (7 - (-5 - -9)) + -4?
-1
-23 + 27 + (-3 + 1 - 0)
2
Calculate (-8 - -1) + 5 - 12 - -6.
-8
What is 4 + (1 - 1 - -1)?
5
What is 0 + (-5 - -1) - (-1 + -1)?
-2
What is the value of 3 + (2 - 12) + (8 - 6)?
-5
What is -5 + (-4 - (-5 - (-5 + 1)))?
-8
Evaluate 5 - (1 + (4 - 3)).
3
What is -2 + -2 + 3 + -2 + -1?
-4
Evaluate (7 - (-4 + 7)) + 0 + 1.
5
Calculate 2 - (1 + (2 + 2 - 0)).
-3
Calculate -2 - (-9 + (-2 - -5) + 4).
0
Calculate -2 + 2 + -1 - (-1 - -3).
-3
Calculate 8 + (5 - 7) - 0.
6
Calculate (1 - -1 - 6) + 4.
0
What is -1 + -1 - (2 - -1)?
-5
0 - (-10 - -7 - -4)
-1
What is (8 - 20) + 14 + (2 - 7)?
-3
Calculate 9 + -2 + -3 + (2 - 2).
4
(-8 - -2 - (-29 + 24)) + -6
-7
Calculate (-2 - (1 + (5 - 3))) + 4.
-1
What is the value of -47 + 32 - (-13 + 4)?
-6
Evaluate 1 + 2 + 36 + -41.
-2
Calculate -2 + 0 - (-7 - -3).
2
What is the value of -3 + 6 - (1 - 3)?
5
Calculate -6 + -19 + 13 + 12.
0
2 - ((4 - 2) + (21 - 27))
6
Calculate -14 + 15 + 3 + -4.
0
What is 8 - 2 - 13 - (-12 + 2)?
3
What is 4 + (-2 - -1) + -8 + 5?
0
What is -12 + -1 + (-10 - -10 - -6)?
-7
Evaluate 1 - 1 - (3 - 5).
2
Calculate 0 + 1 - 7 - 0.
-6
Calculate 16 + -7 + -7 - -2 - -4.
8
Calculate (-4 - -6 - 5) + (8 - 5).
0
What is the value of 0 + 1 + -4 + (-3 - -4)?
-2
What is 1 + -3 + (-3 - -1)?
-4
10 + -17 + 18 - (0 + 2)
9
Evaluate -8 + -1 + 2 + -8 + 5.
-10
(-1 - 0) + 5 + -8
-4
-2 + -6 + (1 + 6 - 6)
-7
Calculate 5 + (-8 - -6) + -1.
2
Evaluate -1 + 0 + -8 - 2.
-11
What is the value of -32 + 27 - (0 + 1 + -8)?
2
Calculate (3 - (-4 - -8)) + 2.
1
What is the value of 2 - (15 + -6) - -6?
-1
Calculate -7 + 9 - (5 - 4) - 5.
-4
Evaluate -5 + 2 + 8 + -3.
2
Evaluate 1 - (-2 + 1 + 5).
-3
Calculate 6 + -1 - (-7 + 7 + 0).
5
-13 + 1 + 6 + 3 + -5
-8
What is the value of 3 + -3 + 5 + -3?
2
-3 + -5 + 10 + -8 - -7
1
Calculate 1 + (13 + -7 - 9).
-2
Calculate (5 - 2) + -3 - 3.
-3
Calculate 8 - 0 - ((-17 - -32) + -9).
2
(4 - (2 + -1)) + (-17 - -12)
-2
4 + 3 + 6 - 6
7
What is (4 - (-1 + -2)) + (10 - 27)?
-10
Evaluate (5 - 0) + (-1 + 1 - 8).
-3
Calculate (3 - 4) + 6 + -2.
3
Calculate 5 - (-8 + 17) - (2 - 7).
1
What is the value of (3 - 2) + 4 + -2?
3
What is the value of (-32 - -36) + (1 - 6)?
-1
Calculate 4 + -1 - (-32 + 33) - 6.
-4
What is the value of (-3 + 2 - -2) + -3 + 1?
-1
Evaluate 2 + 0 + -13 + (13 - 3).
-1
Calculate -2 - 6 - -7 - -8.
7
What is the value of 4 + (0 - (0 - 3)) + -2?
5
What is -13 + 15 + -11 + 2 + 1?
-6
0 - -2 - (-2 + 0)
4
Calculate -9 + 3 + 0 + (3 - 2).
-5
What is the value of -2 - (3 + -2 + -4 + 2)?
-1
Calculate 5 + (1 - (-2 - 1)) + -2.
7
Evaluate (1 - (-2 + -1)) + -4 - -2.
2
7 + -11 + (-5 - -5) + -5
-9
What is the value of -52 + 55 + -4 + 0 + 1?
0
2 + -2 - (10 + -12)
2
Calculate -7 + 3 + 4 + -4.
-4
What is -1 + -1 - (6 - (-5 - -10))?
-3
Evaluate 6 + 6 + -8 + -4.
0
What is (-2 - (0 - (2 - -1))) + -1?
0
Evaluate -1 - 3 - (1 + -7).
2
What is (-4 - -13 - (-5 - 1)) + -9?
6
Evaluate 1 + 2 - (-2 + 0) - 0.
5
What is 10 + -1 - (-23 - -30)?
2
What is the value of 0 - ((1 - -6) + -7)?
0
What is the value of 26 + -5 + -8 + -13?
0
Calculate 6 + -7 + -4 - -8.
3
Evaluate -7 + (-3 - 1) - (-20 + 15).
-6
Evaluate 5 + (-9 - (-4 - 3)) + 4.
7
What is -1 - (6 + -3 + -1)?
-3
Evaluate 1 + -4 - (-3 - (2 - 1)).
1
Calculate -2 + (17 - 14) + (0 - 4).
-3
Evaluate 13 + -6 - 1 - 19 - -6.
-7
0 - ((3 - 7) + 4)
0
What is 13 - (18 + -8) - 5?
-2
(6 - (2 - 0 - 10)) + -6
8
Evaluate (1 - -1) + -6 + 1.
-3
What is (-7 - (-6 + 6)) + 10?
3
Evaluate -1 + 10 - (10 + (-15 - -10)).
4
Evaluate (0 - 2) + 4 - (1 - 1).
2
Calculate -6 - (-15 - 0 - -5).
4
Calculate 9 - (-2 - 5 - -14).
2
What is -8 - (-2 + -5 + -6)?
5
17 - (-8 + 20) - (-1 + 11)
-5
Evaluate 1 - -3 - (3 - (-5 - -8)).
4
What is 0 + 9 + (0 - 2)?
7
What is the value of -1 + -2 + -5 + -6 + 14?
0
Evaluate -5 - (-2 + -7 + -